- 37 = -g*r. Suppose -4*s = -r*h + 4, -1 = -2*h + s + 3. List the prime factors of h.
2
Let a(y) = y**2 - y - 34. Let u be a(11). List the prime factors of (285/u)/(6/88).
5, 11
Let s(m) = m**3 - 3*m**2 + 5*m - 1. Let p be s(2). Let w(c) = 85 - c**2 + 35 + p + 1 - 2*c. List the prime factors of w(0).
2, 3, 7
Let o be 1004 + (0/(-2))/2. Suppose -7*l = -11*l + o. Suppose l = m + 2*q, -3*m + 2*q + 11 + 718 = 0. List the prime factors of m.
5, 7
Suppose b + 0*z - 76 = z, 2*b + 2*z = 148. Let r be ((-12)/(-10))/((-15)/b). List the prime factors of (8/r)/4*-45.
3, 5
Let u = 0 + 4. Let i = -877 - -1240. Suppose i = u*g - g. What are the prime factors of g?
11
Let i be ((0 - 0) + 3)/(3 - 2). Suppose -4*g = -2*k + 1038, 13 - i = 2*k. Let l = -129 - g. List the prime factors of l.
2
Let o be -2*(-7 - -6) + 2*4. What are the prime factors of (-6)/((-15)/(20325/o))?
3, 271
Suppose 59*x - 257237 = 8*x + 344461. List the prime factors of x.
2, 17, 347
Let q be (-629006)/(-21) + 4*(-5)/(-60). What are the prime factors of (9/(-21))/((-11)/q)?
3, 389
Let k be (-6)/(-4) + (78/(-12) - -5). Suppose 5*u + u - 1068 = k. What are the prime factors of u?
2, 89
List the prime factors of 2*(-657)/(-18)*89.
73, 89
Let d be 38/(-114) + (-3)/(36/764). Let l(o) = -662*o**3 + o**2 - 2*o + 1. Let j be l(1). What are the prime factors of j/(-8) + (-16)/d?
83
Let u(o) = -o**3 - 9*o**2 + 15*o + 35. Let s(q) = q**3 - 18*q**2 + 30*q + 22. Let c be s(16). Let d be u(c). What are the prime factors of 336/(-20)*d/2?
2, 3, 7
Let i be ((-2)/6)/(1/(-27)). Let f(c) = -c**3 + 13*c**2 - 27*c - 1. Let v be f(i). Suppose -6*l = d - 4*l - v, 4*d - 350 = -2*l. List the prime factors of d.
2, 3, 5
Let m(c) = -664*c**3 + 4*c**2 + c. Let i be m(-1). Suppose 16*t - 3131 = -i. What are the prime factors of t?
2, 7, 11
Suppose 22 + 56 = 13*d. Suppose -d*r + 269 = -451. What are the prime factors of r?
2, 3, 5
Let d(r) = -37*r**3 + 5*r**2 - 23*r - 18. What are the prime factors of d(-6)?
2, 3, 691
Let k(h) = 551*h**2 - 3*h - 1. Let t be k(-1). Suppose -775 - t = -2*c. Suppose 7*l - c = -l. List the prime factors of l.
83
Suppose -11*j + 20 = -7*j. Suppose -j*n + 2*y = -1189, -y + 2 = -2*y. Suppose -q + n = 4*g, -2 = -3*q - 11. What are the prime factors of g?
2, 3, 5
Let u be ((-6)/(-18))/((-5)/(-30)). Suppose 5*l + 0*l - 1725 = 0. Suppose -u*h + l = -1. List the prime factors of h.
173
Let j = 39662 - 22376. List the prime factors of j.
2, 3, 43, 67
Let x = -567 - -1736. Let b be 5/(65/2) + x/91. Suppose 0 = -16*k + b*k + 318. List the prime factors of k.
2, 53
Let w be (-10)/((-90)/(-3303)) + 4/(-2). Let q = w + 685. What are the prime factors of q?
2, 79
List the prime factors of 168/16 - 12 - (-180008)/16.
7, 1607
Let z = 16536 + -3268. List the prime factors of z.
2, 31, 107
Let p(b) = 205 + 73 + 135 + 129 + 2*b**2 - 3*b. List the prime factors of p(0).
2, 271
Let t = 6 + -54. Let z = 46 + t. List the prime factors of z/(-14) - 1063/(-7).
2, 19
Suppose -q - 3 = 0, -3*x - 4*q - 384 = -6*x. Suppose 16*u - 18*u + x = 0. List the prime factors of u.
2, 31
Let k(x) = 2*x**3 - 139*x**2 - 95*x - 539. What are the prime factors of k(71)?
3, 13, 67
Let q = 28 - 24. Suppose -2*n + r = 207, 3*r = n - q*n - 288. What are the prime factors of -3 - n - (1 + 1)?
2, 3
Suppose 0 = 10*z - 799 - 2461. Suppose -331*n = -z*n - 8165. List the prime factors of n.
23, 71
Suppose 16*v + 452844 - 781700 = 696536. What are the prime factors of v?
19, 3373
Suppose -2 = 4*n + q + 12, -3*n + 4*q = 20. What are the prime factors of (-490)/(-3) + (n/(-12))/(-1)?
163
Let t(c) be the first derivative of 2*c**3/3 + 13*c**2/2 - 19*c - 44. Let o be t(-8). What are the prime factors of 2 + (0 - o) + 5?
2
Let w = 5019 + -3236. List the prime factors of w.
1783
Suppose 2*i = 5*t - 204640, -3*i - 21031 = -t + 19884. What are the prime factors of t?
2, 5, 4093
Suppose 98*t = 94*t. Suppose 2*m = r + 7*m - 59, m + 2 = t. What are the prime factors of r?
3, 23
Let j = 730 - 723. Suppose 1270 = j*u + 3*u. List the prime factors of u.
127
Let r be (-12)/(-18)*(-2643)/(2/2). Let j = -672 - r. List the prime factors of j.
2, 5, 109
Suppose 4*i = -4*v - 20, -2*v - i + 7 = -4*v. Let d be (1 + 46)*-1 - v. Let w = d - -68. What are the prime factors of w?
5
Suppose 5*a = 4*z - 80 + 862, -4*z + 640 = 4*a. Let p = a - 54. What are the prime factors of p?
2, 13
Let f(l) = 9*l + 54. Let d be f(-6). Suppose 2*t - m = 3197, -t + 3*m + 2208 - 597 = d. Suppose -5*y - t = -12*y. What are the prime factors of y?
2, 3, 19
What are the prime factors of (-1 - (-22)/26) + (-2071504)/(-208) + 7?
2, 3, 11, 151
Let d(l) = 250*l**3 - 10*l + 2 - l**2 - 3*l + l + 11*l. What are the prime factors of d(1)?
2, 5
Suppose 4*q - 58 = -10. Suppose 3*k - 3*h = 2*k + q, -2*k + 3*h = -12. Suppose -3*d + m + m + 19 = k, -3*d + 24 = 3*m. What are the prime factors of d?
7
Let i be 429 - ((-100)/(-4))/(-5). Let x = i + -87. What are the prime factors of x?
347
Suppose o - 6 = -4*u + 13, u = 2*o - 2. Suppose 1 = -h + o. What are the prime factors of (7/2)/(1/h)?
7
List the prime factors of (176/110)/(80/90100).
2, 17, 53
Suppose 98*q - 97*q = 2128. List the prime factors of q.
2, 7, 19
Let b be 1/(-5) + (-29617)/(-35). Let f be (-1)/((39/b)/(-13)). Suppose -p + f = 5*p. List the prime factors of p.
47
Suppose l - 5*k - 15706 = 0, 68*l - 67*l - 15715 = 2*k. List the prime factors of l.
79, 199
Suppose -4*q - 5*x = 3494, 0 = 2*q + q + 3*x + 2622. Let j = q - -996. List the prime factors of j.
2, 3, 5
Suppose 0 = 4*k - 3*o - 52 - 10, 2*k - 4*o = 26. Suppose 2*d + 20 = u - k, -4*u + 2*d = -148. List the prime factors of u.
37
Suppose 993 = 4*n - 5*z, 5*z + 26 = 1. Let h = n - -56. What are the prime factors of h?
2, 149
Suppose -1166*a = -1159*a - 6538. Suppose a = 4*b + z - 3*z, 226 = b + z. What are the prime factors of b?
3, 7, 11
Suppose -14*l = -5*l - 27. Suppose -l*a = 3*y - 858, 2*a + 4*y + y - 563 = 0. List the prime factors of a.
17
Let k(m) = 15*m + 9. Let g be k(1). Suppose -g*c + 5072 + 1864 = 0. List the prime factors of c.
17
Let p = -71 + 99. Let c = p + -238. What are the prime factors of (c/9)/((-2)/3)?
5, 7
List the prime factors of ((1/(-3))/1)/((-1270)/32266890).
3, 941
Suppose q - 3*q = -3*o, 0 = 4*o + 4*q. Suppose 2*f - 2*n + 20 = o, -2*f - 2*n - 46 = 2*f. Let l(m) = m**2 + 10*m - 9. List the prime factors of l(f).
2
List the prime factors of (3 - (-30)/(-9)*(-54)/(-45))*-14263.
17, 839
Let i(r) = -8*r + 26. Let b be i(3). Suppose 0 = -5*n + p + 28, 0 = 7*n - 3*n + b*p - 14. Suppose -n*l + 643 = 158. List the prime factors of l.
97
Let x(k) = 6*k + 18. Let c(r) = 17*r + 53. Let p(j) = 4*c(j) - 11*x(j). Let o be p(-6). Suppose 87 = o*i + a - 108, 0 = a - 3. What are the prime factors of i?
2, 3
Suppose 0*o + 0*o + 3*o = 0. Suppose o = 18*f - 24*f + 1476. List the prime factors of f.
2, 3, 41
Let l = 3130 + -820. List the prime factors of (l/(-44))/((-6)/64).
2, 5, 7
What are the prime factors of ((-2117)/4)/((1504/(-1792))/47)?
2, 7, 29, 73
Let o(a) be the first derivative of 1/2*a**4 - 1/3*a**3 - 31 - 3*a + 7/2*a**2. List the prime factors of o(2).
23
Suppose -14 = -j - 19. Let q(c) = -c**3 - 6*c**2 - 6*c + 6. Let s be q(j). Suppose -l - 34 = -4*l + 2*u, 0 = -l + u + s. What are the prime factors of l?
2, 3
Let c(p) = 49*p**2 + 3*p - 1. Let g(f) = -2*f**2 + 14*f - 9. Let t be g(6). Suppose 5*o = -i + t*i + 6, -12 = -o - 5*i. What are the prime factors of c(o)?
3, 67
Suppose 56*u = 21431 + 49727 + 65874. What are the prime factors of u?
2447
Let b = 17 + -19. What are the prime factors of ((-19)/(38/(-110)))/(b/(-14))?
5, 7, 11
Let m(g) = -170*g**3 + g**2 - g. Let k be m(1). Let o = 562 + -817. Let r = k - o. List the prime factors of r.
5, 17
Let u(c) = -5*c**3 + 5*c**2 - 1. Let d be u(-1). Let j(w) = 2*w**3 - 5*w**2 - 29*w + 97. What are the prime factors of j(d)?
7, 127
Suppose 0 = -77*f - 164*f - 370*f + 16224494. What are the prime factors of f?
2, 11, 17, 71
Suppose 0 = -i, -6*y = -10*y + i + 8. Let a(p) = -p**2 - 8*p - 8. Let t be a(-6). Suppose t*l - 750 = -y*l. List the prime factors of l.
5
Let x = -1466 + 4336. What are the prime factors of x?
2, 5, 7, 41
Let l = -49 - -365. Let j = l - 155. What are the prime factors of j?
7, 23
Let i be (((-21)